{"id":5130,"date":"2022-11-30T16:53:09","date_gmt":"2022-11-30T16:53:09","guid":{"rendered":"https:\/\/terapiaativa.com.br\/?post_type=product&#038;p=5130"},"modified":"2025-11-17T23:16:31","modified_gmt":"2025-11-17T23:16:31","slug":"desodorante-intimo-aerosol-varias-fragancias-100ml","status":"publish","type":"product","link":"https:\/\/terapiaativa.com.br\/en\/product\/desodorante-intimo-aerosol-varias-fragancias-100ml\/","title":{"rendered":"Desodorante intimo aerosol varias fragancias 100ml"},"content":{"rendered":"<p><strong>Benef\u00edcios:<\/strong><\/p>\n<ul>\n<li>Refresca e higieniza a regi\u00e3o \u00edntima, sem agredir a pele.<\/li>\n<li>Provoca uma agrad\u00e1vel sensa\u00e7\u00e3o de limpeza e mant\u00e9m o PH neutro e adequado a regi\u00e3o \u00edntima do seu corpo.<\/li>\n<li>Elimina Odores<\/li>\n<li>Fragr\u00e2ncias: Talco, Sedu\u00e7\u00e3o e Vanilla.<\/li>\n<\/ul>\n<p>Embalagem e nova gramatura (100ml, 60g), o Desodorante \u00cdntimo com f\u00f3rmula suave foi especialmente desenvolvido para mulheres que se preocupam com o bem estar e frescor em todos os momentos. Elaborado com crit\u00e9rios rigorosos para agradar os gostos mais requintados! Cuidado di\u00e1rio frescor e bem estar. Seu jato seco proporciona maior conforto e melhor dispers\u00e3o do produto. Seus clientes v\u00e3o amar essa novidade.<\/p>\n<p><strong>Modo de Usar: <\/strong><span style=\"font-size: 16px;\">Agite bem antes de usar. Posicione a embalagem a 15cm de dist\u00e2ncia da pele. Aplique o produto ap\u00f3s o banho e sinta o perfume. Uso externo.<\/span><\/p>\n<p><strong>Especifica\u00e7\u00f5es: <\/strong><span style=\"font-size: 16px;\">Embalagem em alum\u00ednio e produto em Aerosol. Medidas: 100ml, 60g (mililitros, gramas)<\/span><\/p>\n<p><strong>Precau\u00e7\u00f5es:<\/strong> Material Inflam\u00e1vel N\u00e3o Pulverizar perto do fogo. N\u00e3o perfurar nem incinerar. N\u00e3o expor ao sol nem a temperatura superior a 50\u00baC. Proteger os olhos durante a aplica\u00e7\u00e3o. Manter fora do alcance das crian\u00e7as. Evite a inala\u00e7\u00e3o desde produto. Em caso de contato com os olhos, lavar com \u00e1gua em abund\u00e2ncia. Havendo irrita\u00e7\u00e3o, suspender o uso e procurar um m\u00e9dico.<\/p>","protected":false},"excerpt":{"rendered":"<p>O Desodorante \u00cdntimo Bella Mulher, j\u00e1 \u00e9 um fenomeno entre as mulheres, com um perfume marcante e delicado, protege a \u00e1rea intima de mau cheiro, deixando sempre perfumada.<\/p>","protected":false},"featured_media":5226,"comment_status":"open","ping_status":"closed","template":"","meta":{"_joinchat":[]},"product_brand":[],"product_cat":[20,163,19,174],"product_tag":[83,80,109],"class_list":{"0":"post-5130","1":"product","2":"type-product","3":"status-publish","4":"has-post-thumbnail","6":"product_cat-cuidados","7":"product_cat-intimo","8":"product_cat-saude","9":"product_cat-saude-da-mulher","10":"product_tag-cuidado-com-a-saude","11":"product_tag-cuidado-feminino","12":"product_tag-desodorante-intimo","14":"first","15":"instock","16":"shipping-taxable","17":"purchasable","18":"product-type-variable"},"jetpack_sharing_enabled":true,"_links":{"self":[{"href":"https:\/\/terapiaativa.com.br\/en\/wp-json\/wp\/v2\/product\/5130","targetHints":{"allow":["GET"]}}],"collection":[{"href":"https:\/\/terapiaativa.com.br\/en\/wp-json\/wp\/v2\/product"}],"about":[{"href":"https:\/\/terapiaativa.com.br\/en\/wp-json\/wp\/v2\/types\/product"}],"replies":[{"embeddable":true,"href":"https:\/\/terapiaativa.com.br\/en\/wp-json\/wp\/v2\/comments?post=5130"}],"wp:featuredmedia":[{"embeddable":true,"href":"https:\/\/terapiaativa.com.br\/en\/wp-json\/wp\/v2\/media\/5226"}],"wp:attachment":[{"href":"https:\/\/terapiaativa.com.br\/en\/wp-json\/wp\/v2\/media?parent=5130"}],"wp:term":[{"taxonomy":"product_brand","embeddable":true,"href":"https:\/\/terapiaativa.com.br\/en\/wp-json\/wp\/v2\/product_brand?post=5130"},{"taxonomy":"product_cat","embeddable":true,"href":"https:\/\/terapiaativa.com.br\/en\/wp-json\/wp\/v2\/product_cat?post=5130"},{"taxonomy":"product_tag","embeddable":true,"href":"https:\/\/terapiaativa.com.br\/en\/wp-json\/wp\/v2\/product_tag?post=5130"}],"curies":[{"name":"wp","href":"https:\/\/api.w.org\/{rel}","templated":true}]}}

<p><strong>Benefícios:</strong></p>
<ul>
<li>Refresca e higieniza a região íntima, sem agredir a pele.</li>
<li>Provoca uma agradável sensação de limpeza e mantém o PH neutro e adequado a região íntima do seu corpo.</li>
<li>Elimina Odores</li>
<li>Fragrâncias: Talco, Sedução e Vanilla.</li>
</ul>
<p>Embalagem e nova gramatura (100ml, 60g), o Desodorante Íntimo com fórmula suave foi especialmente desenvolvido para mulheres que se preocupam com o bem estar e frescor em todos os momentos. Elaborado com critérios rigorosos para agradar os gostos mais requintados! Cuidado diário frescor e bem estar. Seu jato seco proporciona maior conforto e melhor dispersão do produto. Seus clientes vão amar essa novidade.</p>
<p><strong>Modo de Usar: </strong><span style="font-size: 16px;">Agite bem antes de usar. Posicione a embalagem a 15cm de distância da pele. Aplique o produto após o banho e sinta o perfume. Uso externo.</span></p>
<p><strong>Especificações: </strong><span style="font-size: 16px;">Embalagem em alumínio e produto em Aerosol. Medidas: 100ml, 60g (mililitros, gramas)</span></p>
<p><strong>Precauções:</strong> Material Inflamável Não Pulverizar perto do fogo. Não perfurar nem incinerar. Não expor ao sol nem a temperatura superior a 50ºC. Proteger os olhos durante a aplicação. Manter fora do alcance das crianças. Evite a inalação desde produto. Em caso de contato com os olhos, lavar com água em abundância. Havendo irritação, suspender o uso e procurar um médico.</p>

<p>O Desodorante Íntimo Bella Mulher, já é um fenomeno entre as mulheres, com um perfume marcante e delicado, protege a área intima de mau cheiro, deixando sempre perfumada.</p>
